{"id":14,"date":"2024-08-17T11:15:17","date_gmt":"2024-08-17T11:15:17","guid":{"rendered":"https:\/\/seppokorhonen.fi\/?page_id=14"},"modified":"2025-05-25T06:52:43","modified_gmt":"2025-05-25T06:52:43","slug":"etusivu","status":"publish","type":"page","link":"https:\/\/seppokorhonen.fi\/","title":{"rendered":"Etusivu"},"content":{"rendered":"\n<h2 class=\"wp-block-heading\">Tervetuloa kotisivuilleni<\/h2>\n\n\n\n<figure class=\"wp-block-image size-full\"><img loading=\"lazy\" decoding=\"async\" width=\"595\" height=\"421\" src=\"https:\/\/seppokorhonen.fi\/wp-content\/uploads\/2024\/08\/Omakuva-torilla.jpg\" alt=\"\" class=\"wp-image-58\" srcset=\"https:\/\/seppokorhonen.fi\/wp-content\/uploads\/2024\/08\/Omakuva-torilla.jpg 595w, https:\/\/seppokorhonen.fi\/wp-content\/uploads\/2024\/08\/Omakuva-torilla-300x212.jpg 300w, https:\/\/seppokorhonen.fi\/wp-content\/uploads\/2024\/08\/Omakuva-torilla-508x359.jpg 508w\" sizes=\"auto, (max-width: 595px) 100vw, 595px\" \/><figcaption class=\"wp-element-caption\">Seppo Korhonen<\/figcaption><\/figure>\n\n\n\n<h2 class=\"wp-block-heading\">TY\u00d6NI JATKUU NYT LAHDEN KAUPUNGINVALTUUSTOSSA<\/h2>\n\n\n\n<p>Lahtelaiset valitsivat minut kev\u00e4\u00e4n kuntavaaleissa Lahden kaupunginvaltuustoon, joten suuri kiitos luottamuksesta. Olin ehdokkaana Pro Lahti -valitsijayhdistyksen yhteislistalla, joka on nyt viidell\u00e4 valtuutetulla heti demareiden ja kokoomuksen j\u00e4lkeen kolmanneksi suurin ryhm\u00e4. <\/p>\n\n\n\n<h2 class=\"wp-block-heading\">Tietoa kotisivuista<\/h2>\n\n\n\n<p><strong>Ajankohtaista<\/strong>-sivulla (yl\u00e4palkki\/kolme vaakaviivaa) avaan ajankohtaisten asioiden valmistelua ja p\u00e4\u00e4t\u00f6ksentekoa.<\/p>\n\n\n\n<p><strong>Tietoja<\/strong>-sivulla (yl\u00e4palkki\/kolme vaakaviivaa) kurkistus henkil\u00f6kuvaani ja tekemisiini.<\/p>\n\n\n\n<p><strong>Blogi<\/strong>-sivulla (yl\u00e4palkki\/kolme vaakaviivaa) k\u00e4sittelen napakasti sellaisia ajankohtaisia asioita, joista monet muut vaikenevat. Blogejani p\u00e4\u00e4set lukemaan klikkaamalla haluamaasi kuvaketta\/aihetta.<\/p>\n\n\n\n<p><strong>Yhteystiedot<\/strong>-sivulta l\u00f6ytyy yhteystietojani sek\u00e4 kerron tilaisuuksista, joissa olen tavattavissa.<\/p>\n\n\n\n<p class=\"has-text-align-center\"><strong>P\u00e4ivit\u00e4n kotisivujani ajankohtaisilla asioilla.<\/strong><\/p>\n\n\n\n<p><\/p>\n\n\n\n<ul class=\"wp-block-social-links is-layout-flex wp-block-social-links-is-layout-flex\"><\/ul>\n","protected":false},"excerpt":{"rendered":"<p>Tervetuloa kotisivuilleni TY\u00d6NI JATKUU NYT LAHDEN KAUPUNGINVALTUUSTOSSA Lahtelaiset valitsivat minut kev\u00e4\u00e4n kuntavaaleissa Lahden kaupunginvaltuustoon, joten suuri kiitos luottamuksesta. Olin ehdokkaana Pro Lahti -valitsijayhdistyksen yhteislistalla, joka on nyt viidell\u00e4 valtuutetulla heti demareiden ja kokoomuksen j\u00e4lkeen kolmanneksi suurin ryhm\u00e4. Tietoa kotisivuista Ajankohtaista-sivulla (yl\u00e4palkki\/kolme vaakaviivaa) avaan ajankohtaisten asioiden valmistelua ja p\u00e4\u00e4t\u00f6ksentekoa. Tietoja-sivulla (yl\u00e4palkki\/kolme vaakaviivaa) kurkistus henkil\u00f6kuvaani ja tekemisiini. [&hellip;]<\/p>\n","protected":false},"author":1,"featured_media":0,"parent":0,"menu_order":0,"comment_status":"closed","ping_status":"closed","template":"","meta":{"footnotes":""},"class_list":["post-14","page","type-page","status-publish","hentry"],"_links":{"self":[{"href":"https:\/\/seppokorhonen.fi\/index.php?rest_route=\/wp\/v2\/pages\/14","targetHints":{"allow":["GET"]}}],"collection":[{"href":"https:\/\/seppokorhonen.fi\/index.php?rest_route=\/wp\/v2\/pages"}],"about":[{"href":"https:\/\/seppokorhonen.fi\/index.php?rest_route=\/wp\/v2\/types\/page"}],"author":[{"embeddable":true,"href":"https:\/\/seppokorhonen.fi\/index.php?rest_route=\/wp\/v2\/users\/1"}],"replies":[{"embeddable":true,"href":"https:\/\/seppokorhonen.fi\/index.php?rest_route=%2Fwp%2Fv2%2Fcomments&post=14"}],"version-history":[{"count":16,"href":"https:\/\/seppokorhonen.fi\/index.php?rest_route=\/wp\/v2\/pages\/14\/revisions"}],"predecessor-version":[{"id":297,"href":"https:\/\/seppokorhonen.fi\/index.php?rest_route=\/wp\/v2\/pages\/14\/revisions\/297"}],"wp:attachment":[{"href":"https:\/\/seppokorhonen.fi\/index.php?rest_route=%2Fwp%2Fv2%2Fmedia&parent=14"}],"curies":[{"name":"wp","href":"https:\/\/api.w.org\/{rel}","templated":true}]}}